{"id":12,"date":"2020-01-08T07:37:14","date_gmt":"2020-01-08T07:37:14","guid":{"rendered":"http:\/\/herzmomente-fotografie.com\/?page_id=12"},"modified":"2024-04-05T16:06:58","modified_gmt":"2024-04-05T16:06:58","slug":"preise","status":"publish","type":"page","link":"https:\/\/herzmomente-fotografie.com\/?page_id=12","title":{"rendered":"Preise"},"content":{"rendered":"\n<p class=\"has-text-align-center\"><\/p>\n\n\n<div class=\"wp-block-image\">\n<figure class=\"aligncenter size-large is-resized\"><img loading=\"lazy\" decoding=\"async\" width=\"1024\" height=\"576\" src=\"http:\/\/herzmomente-fotografie.com\/wp-content\/uploads\/2020\/01\/Herzlich-Willkommen24-1024x576.png\" alt=\"\" class=\"wp-image-286\" style=\"width:451px;height:253px\" srcset=\"https:\/\/herzmomente-fotografie.com\/wp-content\/uploads\/2020\/01\/Herzlich-Willkommen24-1024x576.png 1024w, https:\/\/herzmomente-fotografie.com\/wp-content\/uploads\/2020\/01\/Herzlich-Willkommen24-300x169.png 300w, https:\/\/herzmomente-fotografie.com\/wp-content\/uploads\/2020\/01\/Herzlich-Willkommen24-768x432.png 768w, https:\/\/herzmomente-fotografie.com\/wp-content\/uploads\/2020\/01\/Herzlich-Willkommen24.png 1280w\" sizes=\"(max-width: 1024px) 100vw, 1024px\" \/><\/figure><\/div>\n\n\n<h3 class=\"wp-block-heading has-text-align-center\">F\u00fcr Familien,- Babybauch- und Portraitshootings (auch Boudoir) k\u00f6nnt ihr aus folgenden Paketen w\u00e4hlen<\/h3>\n\n\n<div class=\"wp-block-image\">\n<figure class=\"aligncenter size-large\"><img loading=\"lazy\" decoding=\"async\" width=\"724\" height=\"1024\" src=\"http:\/\/herzmomente-fotografie.com\/wp-content\/uploads\/2024\/04\/Familie_Babybauch_Boudoir-724x1024.jpg\" alt=\"\" class=\"wp-image-1040\" srcset=\"https:\/\/herzmomente-fotografie.com\/wp-content\/uploads\/2024\/04\/Familie_Babybauch_Boudoir-724x1024.jpg 724w, https:\/\/herzmomente-fotografie.com\/wp-content\/uploads\/2024\/04\/Familie_Babybauch_Boudoir-212x300.jpg 212w, https:\/\/herzmomente-fotografie.com\/wp-content\/uploads\/2024\/04\/Familie_Babybauch_Boudoir-768x1086.jpg 768w, https:\/\/herzmomente-fotografie.com\/wp-content\/uploads\/2024\/04\/Familie_Babybauch_Boudoir-1086x1536.jpg 1086w, https:\/\/herzmomente-fotografie.com\/wp-content\/uploads\/2024\/04\/Familie_Babybauch_Boudoir.jpg 1414w\" sizes=\"(max-width: 724px) 100vw, 724px\" \/><\/figure><\/div>\n\n\n<p class=\"has-text-align-center\"> <strong>F\u00fcr ganz besondere Erinnerungen an deine Schwangerschaft und die ersten Tage mit eurem kleinen Wunder, gibt es mein Kombipaket &#8222;Mamagl\u00fcck&#8220;<\/strong> <\/p>\n\n\n<div class=\"wp-block-image is-style-default\">\n<figure class=\"aligncenter size-large\"><img loading=\"lazy\" decoding=\"async\" width=\"724\" height=\"1024\" src=\"http:\/\/herzmomente-fotografie.com\/wp-content\/uploads\/2024\/04\/Mamaglueck-724x1024.jpg\" alt=\"\" class=\"wp-image-1042\" srcset=\"https:\/\/herzmomente-fotografie.com\/wp-content\/uploads\/2024\/04\/Mamaglueck-724x1024.jpg 724w, https:\/\/herzmomente-fotografie.com\/wp-content\/uploads\/2024\/04\/Mamaglueck-212x300.jpg 212w, https:\/\/herzmomente-fotografie.com\/wp-content\/uploads\/2024\/04\/Mamaglueck-768x1086.jpg 768w, https:\/\/herzmomente-fotografie.com\/wp-content\/uploads\/2024\/04\/Mamaglueck-1086x1536.jpg 1086w, https:\/\/herzmomente-fotografie.com\/wp-content\/uploads\/2024\/04\/Mamaglueck.jpg 1414w\" sizes=\"(max-width: 724px) 100vw, 724px\" \/><\/figure><\/div>\n\n\n<p class=\"has-text-align-center\">Milchbad &#8211; Newborn &#8211; Cakesmash<\/p>\n\n\n<div class=\"wp-block-image is-style-default\">\n<figure class=\"aligncenter size-large\"><img loading=\"lazy\" decoding=\"async\" width=\"724\" height=\"1024\" src=\"http:\/\/herzmomente-fotografie.com\/wp-content\/uploads\/2024\/04\/Newbornshooting_Milchbad_Cakesmash-724x1024.jpg\" alt=\"\" class=\"wp-image-1043\" srcset=\"https:\/\/herzmomente-fotografie.com\/wp-content\/uploads\/2024\/04\/Newbornshooting_Milchbad_Cakesmash-724x1024.jpg 724w, https:\/\/herzmomente-fotografie.com\/wp-content\/uploads\/2024\/04\/Newbornshooting_Milchbad_Cakesmash-212x300.jpg 212w, https:\/\/herzmomente-fotografie.com\/wp-content\/uploads\/2024\/04\/Newbornshooting_Milchbad_Cakesmash-768x1086.jpg 768w, https:\/\/herzmomente-fotografie.com\/wp-content\/uploads\/2024\/04\/Newbornshooting_Milchbad_Cakesmash-1086x1536.jpg 1086w, https:\/\/herzmomente-fotografie.com\/wp-content\/uploads\/2024\/04\/Newbornshooting_Milchbad_Cakesmash.jpg 1414w\" sizes=\"(max-width: 724px) 100vw, 724px\" \/><\/figure><\/div>\n\n\n<p class=\"has-text-align-center\">Dein Herzensprojekt im Fokus! Gerne fertige ich aussagekr\u00e4ftige Image- und Businessfotos an.<\/p>\n\n\n<div class=\"wp-block-image is-style-default\">\n<figure class=\"aligncenter size-large\"><img loading=\"lazy\" decoding=\"async\" width=\"724\" height=\"1024\" src=\"http:\/\/herzmomente-fotografie.com\/wp-content\/uploads\/2024\/04\/Imagebilder-Businessshooting-724x1024.jpg\" alt=\"\" class=\"wp-image-1044\" srcset=\"https:\/\/herzmomente-fotografie.com\/wp-content\/uploads\/2024\/04\/Imagebilder-Businessshooting-724x1024.jpg 724w, https:\/\/herzmomente-fotografie.com\/wp-content\/uploads\/2024\/04\/Imagebilder-Businessshooting-212x300.jpg 212w, https:\/\/herzmomente-fotografie.com\/wp-content\/uploads\/2024\/04\/Imagebilder-Businessshooting-768x1086.jpg 768w, https:\/\/herzmomente-fotografie.com\/wp-content\/uploads\/2024\/04\/Imagebilder-Businessshooting-1086x1536.jpg 1086w, https:\/\/herzmomente-fotografie.com\/wp-content\/uploads\/2024\/04\/Imagebilder-Businessshooting.jpg 1414w\" sizes=\"(max-width: 724px) 100vw, 724px\" \/><\/figure><\/div>\n\n\n<p class=\"has-text-align-center\">.<\/p>\n\n\n\n<h3 class=\"wp-block-heading has-text-align-center\"> Wie k\u00f6nnen wir bezahlen?<\/h3>\n\n\n\n<p class=\"has-text-align-center\">Der Grundbetrag wird f\u00e4llig, sobald wir uns zum Shooting treffen. Bezahlen k\u00f6nnt ihr in bar, per EC-Karte oder mit PayPal.<\/p>\n\n\n\n<p class=\"has-text-align-center\"> *) Als Kleinunternehmer im Sinne von \u00a7 19 Abs. 1 UStG wird keine Umsatzsteuer berechnet.\n\n<\/p>\n","protected":false},"excerpt":{"rendered":"<p>F\u00fcr Familien,- Babybauch- und Portraitshootings (auch Boudoir) k\u00f6nnt ihr aus folgenden Paketen w\u00e4hlen F\u00fcr ganz besondere Erinnerungen an deine Schwangerschaft und die ersten Tage mit eurem kleinen Wunder, gibt es mein Kombipaket &#8222;Mamagl\u00fcck&#8220; Milchbad &#8211; Newborn &#8211; Cakesmash Dein Herzensprojekt im Fokus! Gerne fertige ich aussagekr\u00e4ftige Image- und Businessfotos an. . Wie k\u00f6nnen wir bezahlen? [&hellip;]<\/p>\n","protected":false},"author":1,"featured_media":0,"parent":0,"menu_order":0,"comment_status":"closed","ping_status":"closed","template":"","meta":{"_genesis_hide_title":false,"_genesis_hide_breadcrumbs":false,"_genesis_hide_singular_image":false,"_genesis_hide_footer_widgets":false,"_genesis_custom_body_class":"","_genesis_custom_post_class":"","_genesis_layout":"","footnotes":""},"_links":{"self":[{"href":"https:\/\/herzmomente-fotografie.com\/index.php?rest_route=\/wp\/v2\/pages\/12"}],"collection":[{"href":"https:\/\/herzmomente-fotografie.com\/index.php?rest_route=\/wp\/v2\/pages"}],"about":[{"href":"https:\/\/herzmomente-fotografie.com\/index.php?rest_route=\/wp\/v2\/types\/page"}],"author":[{"embeddable":true,"href":"https:\/\/herzmomente-fotografie.com\/index.php?rest_route=\/wp\/v2\/users\/1"}],"replies":[{"embeddable":true,"href":"https:\/\/herzmomente-fotografie.com\/index.php?rest_route=%2Fwp%2Fv2%2Fcomments&post=12"}],"version-history":[{"count":30,"href":"https:\/\/herzmomente-fotografie.com\/index.php?rest_route=\/wp\/v2\/pages\/12\/revisions"}],"predecessor-version":[{"id":1046,"href":"https:\/\/herzmomente-fotografie.com\/index.php?rest_route=\/wp\/v2\/pages\/12\/revisions\/1046"}],"wp:attachment":[{"href":"https:\/\/herzmomente-fotografie.com\/index.php?rest_route=%2Fwp%2Fv2%2Fmedia&parent=12"}],"curies":[{"name":"wp","href":"https:\/\/api.w.org\/{rel}","templated":true}]}}