{"id":13,"date":"2020-01-08T07:37:14","date_gmt":"2020-01-08T07:37:14","guid":{"rendered":"http:\/\/herzmomente-fotografie.com\/?page_id=13"},"modified":"2024-04-05T15:59:33","modified_gmt":"2024-04-05T15:59:33","slug":"portrait","status":"publish","type":"page","link":"https:\/\/herzmomente-fotografie.com\/?page_id=13","title":{"rendered":"Portrait"},"content":{"rendered":"<div class=\"wp-block-image\">\n<figure class=\"aligncenter size-large is-resized\"><img loading=\"lazy\" decoding=\"async\" width=\"1024\" height=\"576\" src=\"http:\/\/herzmomente-fotografie.com\/wp-content\/uploads\/2020\/01\/Herzlich-Willkommen23-1024x576.png\" alt=\"\" class=\"wp-image-282\" style=\"width:455px;height:256px\" srcset=\"https:\/\/herzmomente-fotografie.com\/wp-content\/uploads\/2020\/01\/Herzlich-Willkommen23-1024x576.png 1024w, https:\/\/herzmomente-fotografie.com\/wp-content\/uploads\/2020\/01\/Herzlich-Willkommen23-300x169.png 300w, https:\/\/herzmomente-fotografie.com\/wp-content\/uploads\/2020\/01\/Herzlich-Willkommen23-768x432.png 768w, https:\/\/herzmomente-fotografie.com\/wp-content\/uploads\/2020\/01\/Herzlich-Willkommen23.png 1280w\" sizes=\"(max-width: 1024px) 100vw, 1024px\" \/><\/figure><\/div>\n\n\n<p class=\"has-text-align-center\">Und genau das, m\u00f6chte ich dir mit meinen Bildern zeigen. Von vielen  Menschen habe ich in den letzten Jahren geh\u00f6rt, dass sie nicht fotogen  w\u00e4ren und sich auf Fotos nicht m\u00f6gen.  Doch: Sch\u00f6ne und professionelle  Bilder k\u00f6nnen wie ein Spiegel sein. Meine Fotos sollen dich nat\u00fcrlich und unaufgesetzt zeigen. Sie sollen deine ganz eigene, einzigartige Sch\u00f6nheit unterstreichen. Am Ende sollst du Fotos in der Hand halten, auf die du stolz bist, die du gerne herzeigst und die vorallem zeigen sollen, wie sch\u00f6n und einzigartig du bist! <\/p>\n\n\n\n<p>Portraits lassen sich sowohl Indoor- als auch Outdoor verwirklichen. Ich pers\u00f6nlich bevorzuge Shootings in Wald und Wiese, querfeldein und mit dem Vorteil des einzigartigen Lichts &#8211; welches uns nur die Natur so gibt. <\/p>\n\n\n<div class=\"wp-block-image is-style-default\">\n<figure class=\"aligncenter size-large\"><img loading=\"lazy\" decoding=\"async\" width=\"1024\" height=\"683\" src=\"http:\/\/herzmomente-fotografie.com\/wp-content\/uploads\/2023\/03\/CE6A3492-2-1024x683.jpg\" alt=\"\" class=\"wp-image-989\" srcset=\"https:\/\/herzmomente-fotografie.com\/wp-content\/uploads\/2023\/03\/CE6A3492-2-1024x683.jpg 1024w, https:\/\/herzmomente-fotografie.com\/wp-content\/uploads\/2023\/03\/CE6A3492-2-300x200.jpg 300w, https:\/\/herzmomente-fotografie.com\/wp-content\/uploads\/2023\/03\/CE6A3492-2-768x512.jpg 768w, https:\/\/herzmomente-fotografie.com\/wp-content\/uploads\/2023\/03\/CE6A3492-2-1536x1024.jpg 1536w, https:\/\/herzmomente-fotografie.com\/wp-content\/uploads\/2023\/03\/CE6A3492-2-2048x1365.jpg 2048w\" sizes=\"(max-width: 1024px) 100vw, 1024px\" \/><figcaption class=\"wp-element-caption\">Einzigartige und liebevolle Erinnerungen an deine Schwangerschaft: Das Milchbadshooting.<\/figcaption><\/figure><\/div>\n\n<div class=\"wp-block-image\">\n<figure class=\"aligncenter size-large\"><img loading=\"lazy\" decoding=\"async\" width=\"683\" height=\"1024\" src=\"http:\/\/herzmomente-fotografie.com\/wp-content\/uploads\/2022\/12\/CE6A9799-683x1024.jpg\" alt=\"\" class=\"wp-image-958\" srcset=\"https:\/\/herzmomente-fotografie.com\/wp-content\/uploads\/2022\/12\/CE6A9799-683x1024.jpg 683w, https:\/\/herzmomente-fotografie.com\/wp-content\/uploads\/2022\/12\/CE6A9799-200x300.jpg 200w, https:\/\/herzmomente-fotografie.com\/wp-content\/uploads\/2022\/12\/CE6A9799-768x1152.jpg 768w, https:\/\/herzmomente-fotografie.com\/wp-content\/uploads\/2022\/12\/CE6A9799-1024x1536.jpg 1024w, https:\/\/herzmomente-fotografie.com\/wp-content\/uploads\/2022\/12\/CE6A9799-1365x2048.jpg 1365w, https:\/\/herzmomente-fotografie.com\/wp-content\/uploads\/2022\/12\/CE6A9799-scaled.jpg 1707w\" sizes=\"(max-width: 683px) 100vw, 683px\" \/><\/figure><\/div>\n\n\n<figure class=\"wp-block-gallery has-nested-images columns-default is-cropped wp-block-gallery-1 is-layout-flex wp-block-gallery-is-layout-flex\">\n<figure class=\"wp-block-image size-large is-style-default\"><img loading=\"lazy\" decoding=\"async\" width=\"662\" height=\"1024\" data-id=\"880\" src=\"http:\/\/herzmomente-fotografie.com\/wp-content\/uploads\/2022\/07\/IMG_7013-662x1024.jpg\" alt=\"\" class=\"wp-image-880\" srcset=\"https:\/\/herzmomente-fotografie.com\/wp-content\/uploads\/2022\/07\/IMG_7013-662x1024.jpg 662w, https:\/\/herzmomente-fotografie.com\/wp-content\/uploads\/2022\/07\/IMG_7013-194x300.jpg 194w, https:\/\/herzmomente-fotografie.com\/wp-content\/uploads\/2022\/07\/IMG_7013-768x1187.jpg 768w, https:\/\/herzmomente-fotografie.com\/wp-content\/uploads\/2022\/07\/IMG_7013-994x1536.jpg 994w, https:\/\/herzmomente-fotografie.com\/wp-content\/uploads\/2022\/07\/IMG_7013-1325x2048.jpg 1325w, https:\/\/herzmomente-fotografie.com\/wp-content\/uploads\/2022\/07\/IMG_7013-scaled.jpg 1656w\" sizes=\"(max-width: 662px) 100vw, 662px\" \/><\/figure>\n\n\n\n<figure class=\"wp-block-image size-large is-style-default\"><img loading=\"lazy\" decoding=\"async\" width=\"683\" height=\"1024\" data-id=\"703\" src=\"http:\/\/herzmomente-fotografie.com\/wp-content\/uploads\/2021\/05\/IMG_5013-683x1024.jpg\" alt=\"\" class=\"wp-image-703\" srcset=\"https:\/\/herzmomente-fotografie.com\/wp-content\/uploads\/2021\/05\/IMG_5013-683x1024.jpg 683w, https:\/\/herzmomente-fotografie.com\/wp-content\/uploads\/2021\/05\/IMG_5013-200x300.jpg 200w, https:\/\/herzmomente-fotografie.com\/wp-content\/uploads\/2021\/05\/IMG_5013-768x1152.jpg 768w, https:\/\/herzmomente-fotografie.com\/wp-content\/uploads\/2021\/05\/IMG_5013-1024x1536.jpg 1024w, https:\/\/herzmomente-fotografie.com\/wp-content\/uploads\/2021\/05\/IMG_5013-1365x2048.jpg 1365w, https:\/\/herzmomente-fotografie.com\/wp-content\/uploads\/2021\/05\/IMG_5013-scaled.jpg 1707w\" sizes=\"(max-width: 683px) 100vw, 683px\" \/><\/figure>\n\n\n\n<figure class=\"wp-block-image size-large is-style-default\"><img loading=\"lazy\" decoding=\"async\" width=\"683\" height=\"1024\" data-id=\"585\" src=\"http:\/\/herzmomente-fotografie.com\/wp-content\/uploads\/2021\/01\/IMG_8089-683x1024.jpg\" alt=\"\" class=\"wp-image-585\" srcset=\"https:\/\/herzmomente-fotografie.com\/wp-content\/uploads\/2021\/01\/IMG_8089-683x1024.jpg 683w, https:\/\/herzmomente-fotografie.com\/wp-content\/uploads\/2021\/01\/IMG_8089-200x300.jpg 200w, https:\/\/herzmomente-fotografie.com\/wp-content\/uploads\/2021\/01\/IMG_8089-768x1152.jpg 768w, https:\/\/herzmomente-fotografie.com\/wp-content\/uploads\/2021\/01\/IMG_8089-1024x1536.jpg 1024w, https:\/\/herzmomente-fotografie.com\/wp-content\/uploads\/2021\/01\/IMG_8089.jpg 1365w\" sizes=\"(max-width: 683px) 100vw, 683px\" \/><\/figure>\n\n\n\n<figure class=\"wp-block-image size-large is-style-default\"><img loading=\"lazy\" decoding=\"async\" width=\"683\" height=\"1024\" data-id=\"729\" src=\"http:\/\/herzmomente-fotografie.com\/wp-content\/uploads\/2021\/08\/IMG_4861-683x1024.jpg\" alt=\"\" class=\"wp-image-729\" srcset=\"https:\/\/herzmomente-fotografie.com\/wp-content\/uploads\/2021\/08\/IMG_4861-683x1024.jpg 683w, https:\/\/herzmomente-fotografie.com\/wp-content\/uploads\/2021\/08\/IMG_4861-200x300.jpg 200w, https:\/\/herzmomente-fotografie.com\/wp-content\/uploads\/2021\/08\/IMG_4861-768x1152.jpg 768w, https:\/\/herzmomente-fotografie.com\/wp-content\/uploads\/2021\/08\/IMG_4861-1024x1536.jpg 1024w, https:\/\/herzmomente-fotografie.com\/wp-content\/uploads\/2021\/08\/IMG_4861-1365x2048.jpg 1365w, https:\/\/herzmomente-fotografie.com\/wp-content\/uploads\/2021\/08\/IMG_4861-scaled.jpg 1707w\" sizes=\"(max-width: 683px) 100vw, 683px\" \/><\/figure>\n\n\n\n<figure class=\"wp-block-image size-large is-style-default\"><img loading=\"lazy\" decoding=\"async\" width=\"1024\" height=\"683\" data-id=\"694\" src=\"http:\/\/herzmomente-fotografie.com\/wp-content\/uploads\/2021\/05\/IMG_7458-1024x683.jpg\" alt=\"\" class=\"wp-image-694\" srcset=\"https:\/\/herzmomente-fotografie.com\/wp-content\/uploads\/2021\/05\/IMG_7458-1024x683.jpg 1024w, https:\/\/herzmomente-fotografie.com\/wp-content\/uploads\/2021\/05\/IMG_7458-300x200.jpg 300w, https:\/\/herzmomente-fotografie.com\/wp-content\/uploads\/2021\/05\/IMG_7458-768x512.jpg 768w, https:\/\/herzmomente-fotografie.com\/wp-content\/uploads\/2021\/05\/IMG_7458-1536x1024.jpg 1536w, https:\/\/herzmomente-fotografie.com\/wp-content\/uploads\/2021\/05\/IMG_7458-2048x1365.jpg 2048w\" sizes=\"(max-width: 1024px) 100vw, 1024px\" \/><\/figure>\n<\/figure>\n\n\n\n<div class=\"wp-block-cover aligncenter\"><span aria-hidden=\"true\" class=\"wp-block-cover__background has-background-dim\"><\/span><img loading=\"lazy\" decoding=\"async\" width=\"683\" height=\"1024\" class=\"wp-block-cover__image-background wp-image-1036\" alt=\"\" src=\"http:\/\/herzmomente-fotografie.com\/wp-content\/uploads\/2024\/04\/CE6A0253-683x1024.jpg\" data-object-fit=\"cover\" srcset=\"https:\/\/herzmomente-fotografie.com\/wp-content\/uploads\/2024\/04\/CE6A0253-683x1024.jpg 683w, https:\/\/herzmomente-fotografie.com\/wp-content\/uploads\/2024\/04\/CE6A0253-200x300.jpg 200w, https:\/\/herzmomente-fotografie.com\/wp-content\/uploads\/2024\/04\/CE6A0253-768x1152.jpg 768w, https:\/\/herzmomente-fotografie.com\/wp-content\/uploads\/2024\/04\/CE6A0253-1024x1536.jpg 1024w, https:\/\/herzmomente-fotografie.com\/wp-content\/uploads\/2024\/04\/CE6A0253-1365x2048.jpg 1365w, https:\/\/herzmomente-fotografie.com\/wp-content\/uploads\/2024\/04\/CE6A0253-scaled.jpg 1707w\" sizes=\"(max-width: 683px) 100vw, 683px\" \/><div class=\"wp-block-cover__inner-container is-layout-flow wp-block-cover-is-layout-flow\">\n<p class=\"has-text-align-center has-large-font-size\"><\/p>\n<\/div><\/div>\n\n\n\n<div class=\"wp-block-group\"><div class=\"wp-block-group__inner-container is-layout-flow wp-block-group-is-layout-flow\">\n<figure class=\"wp-block-image\"><\/figure>\n\n\n\n<p><\/p>\n<\/div><\/div>\n\n\n\n<figure class=\"wp-block-gallery has-nested-images columns-default is-cropped wp-block-gallery-2 is-layout-flex wp-block-gallery-is-layout-flex\">\n<figure class=\"wp-block-image size-large is-style-default\"><img loading=\"lazy\" decoding=\"async\" width=\"683\" height=\"1024\" data-id=\"960\" src=\"http:\/\/herzmomente-fotografie.com\/wp-content\/uploads\/2022\/12\/CE6A6300-683x1024.jpg\" alt=\"\" class=\"wp-image-960\" srcset=\"https:\/\/herzmomente-fotografie.com\/wp-content\/uploads\/2022\/12\/CE6A6300-683x1024.jpg 683w, https:\/\/herzmomente-fotografie.com\/wp-content\/uploads\/2022\/12\/CE6A6300-200x300.jpg 200w, https:\/\/herzmomente-fotografie.com\/wp-content\/uploads\/2022\/12\/CE6A6300-768x1152.jpg 768w, https:\/\/herzmomente-fotografie.com\/wp-content\/uploads\/2022\/12\/CE6A6300-1024x1536.jpg 1024w, https:\/\/herzmomente-fotografie.com\/wp-content\/uploads\/2022\/12\/CE6A6300-1365x2048.jpg 1365w, https:\/\/herzmomente-fotografie.com\/wp-content\/uploads\/2022\/12\/CE6A6300-scaled.jpg 1707w\" sizes=\"(max-width: 683px) 100vw, 683px\" \/><\/figure>\n\n\n\n<figure class=\"wp-block-image size-large is-style-default\"><img loading=\"lazy\" decoding=\"async\" width=\"683\" height=\"1024\" data-id=\"698\" src=\"http:\/\/herzmomente-fotografie.com\/wp-content\/uploads\/2021\/05\/IMG_8233-1-683x1024.jpg\" alt=\"\" class=\"wp-image-698\" srcset=\"https:\/\/herzmomente-fotografie.com\/wp-content\/uploads\/2021\/05\/IMG_8233-1-683x1024.jpg 683w, https:\/\/herzmomente-fotografie.com\/wp-content\/uploads\/2021\/05\/IMG_8233-1-200x300.jpg 200w, https:\/\/herzmomente-fotografie.com\/wp-content\/uploads\/2021\/05\/IMG_8233-1-768x1152.jpg 768w, https:\/\/herzmomente-fotografie.com\/wp-content\/uploads\/2021\/05\/IMG_8233-1-1024x1536.jpg 1024w, https:\/\/herzmomente-fotografie.com\/wp-content\/uploads\/2021\/05\/IMG_8233-1-1365x2048.jpg 1365w, https:\/\/herzmomente-fotografie.com\/wp-content\/uploads\/2021\/05\/IMG_8233-1-scaled.jpg 1707w\" sizes=\"(max-width: 683px) 100vw, 683px\" \/><\/figure>\n<\/figure>\n\n\n\n<div class=\"wp-block-group\"><div class=\"wp-block-group__inner-container is-layout-flow wp-block-group-is-layout-flow\">\n<figure class=\"wp-block-image\"><\/figure>\n\n\n\n<figure class=\"wp-block-image size-large is-style-default\"><img loading=\"lazy\" decoding=\"async\" width=\"2560\" height=\"1707\" src=\"http:\/\/herzmomente-fotografie.com\/wp-content\/uploads\/2021\/03\/IMG_4990-scaled.jpg\" alt=\"\" class=\"wp-image-654\" srcset=\"https:\/\/herzmomente-fotografie.com\/wp-content\/uploads\/2021\/03\/IMG_4990-scaled.jpg 2560w, https:\/\/herzmomente-fotografie.com\/wp-content\/uploads\/2021\/03\/IMG_4990-300x200.jpg 300w, https:\/\/herzmomente-fotografie.com\/wp-content\/uploads\/2021\/03\/IMG_4990-768x512.jpg 768w, https:\/\/herzmomente-fotografie.com\/wp-content\/uploads\/2021\/03\/IMG_4990-2048x1365.jpg 2048w\" sizes=\"(max-width: 2560px) 100vw, 2560px\" \/><\/figure>\n<\/div><\/div>\n\n\n<div class=\"wp-block-image is-style-default\">\n<figure class=\"aligncenter size-large\"><img loading=\"lazy\" decoding=\"async\" width=\"668\" height=\"1024\" src=\"http:\/\/herzmomente-fotografie.com\/wp-content\/uploads\/2024\/04\/CE6A0188-668x1024.jpg\" alt=\"\" class=\"wp-image-1037\" srcset=\"https:\/\/herzmomente-fotografie.com\/wp-content\/uploads\/2024\/04\/CE6A0188-668x1024.jpg 668w, https:\/\/herzmomente-fotografie.com\/wp-content\/uploads\/2024\/04\/CE6A0188-196x300.jpg 196w, https:\/\/herzmomente-fotografie.com\/wp-content\/uploads\/2024\/04\/CE6A0188-768x1178.jpg 768w, https:\/\/herzmomente-fotografie.com\/wp-content\/uploads\/2024\/04\/CE6A0188-1002x1536.jpg 1002w, https:\/\/herzmomente-fotografie.com\/wp-content\/uploads\/2024\/04\/CE6A0188-1335x2048.jpg 1335w, https:\/\/herzmomente-fotografie.com\/wp-content\/uploads\/2024\/04\/CE6A0188-scaled.jpg 1669w\" sizes=\"(max-width: 668px) 100vw, 668px\" \/><\/figure><\/div>\n\n<div class=\"wp-block-image is-style-rounded\">\n<figure class=\"aligncenter size-large\"><img loading=\"lazy\" decoding=\"async\" width=\"683\" height=\"1024\" src=\"http:\/\/herzmomente-fotografie.com\/wp-content\/uploads\/2021\/08\/IMG_1783-683x1024.jpg\" alt=\"\" class=\"wp-image-730\" srcset=\"https:\/\/herzmomente-fotografie.com\/wp-content\/uploads\/2021\/08\/IMG_1783-683x1024.jpg 683w, https:\/\/herzmomente-fotografie.com\/wp-content\/uploads\/2021\/08\/IMG_1783-200x300.jpg 200w, https:\/\/herzmomente-fotografie.com\/wp-content\/uploads\/2021\/08\/IMG_1783-768x1152.jpg 768w, https:\/\/herzmomente-fotografie.com\/wp-content\/uploads\/2021\/08\/IMG_1783-1024x1536.jpg 1024w, https:\/\/herzmomente-fotografie.com\/wp-content\/uploads\/2021\/08\/IMG_1783-1365x2048.jpg 1365w, https:\/\/herzmomente-fotografie.com\/wp-content\/uploads\/2021\/08\/IMG_1783-scaled.jpg 1707w\" sizes=\"(max-width: 683px) 100vw, 683px\" \/><\/figure><\/div>","protected":false},"excerpt":{"rendered":"<p>Und genau das, m\u00f6chte ich dir mit meinen Bildern zeigen. Von vielen Menschen habe ich in den letzten Jahren geh\u00f6rt, dass sie nicht fotogen w\u00e4ren und sich auf Fotos nicht m\u00f6gen. Doch: Sch\u00f6ne und professionelle Bilder k\u00f6nnen wie ein Spiegel sein. Meine Fotos sollen dich nat\u00fcrlich und unaufgesetzt zeigen. Sie sollen deine ganz eigene, einzigartige [&hellip;]<\/p>\n","protected":false},"author":1,"featured_media":0,"parent":0,"menu_order":0,"comment_status":"closed","ping_status":"closed","template":"","meta":{"_genesis_hide_title":false,"_genesis_hide_breadcrumbs":false,"_genesis_hide_singular_image":false,"_genesis_hide_footer_widgets":false,"_genesis_custom_body_class":"","_genesis_custom_post_class":"","_genesis_layout":"","footnotes":""},"_links":{"self":[{"href":"https:\/\/herzmomente-fotografie.com\/index.php?rest_route=\/wp\/v2\/pages\/13"}],"collection":[{"href":"https:\/\/herzmomente-fotografie.com\/index.php?rest_route=\/wp\/v2\/pages"}],"about":[{"href":"https:\/\/herzmomente-fotografie.com\/index.php?rest_route=\/wp\/v2\/types\/page"}],"author":[{"embeddable":true,"href":"https:\/\/herzmomente-fotografie.com\/index.php?rest_route=\/wp\/v2\/users\/1"}],"replies":[{"embeddable":true,"href":"https:\/\/herzmomente-fotografie.com\/index.php?rest_route=%2Fwp%2Fv2%2Fcomments&post=13"}],"version-history":[{"count":49,"href":"https:\/\/herzmomente-fotografie.com\/index.php?rest_route=\/wp\/v2\/pages\/13\/revisions"}],"predecessor-version":[{"id":1039,"href":"https:\/\/herzmomente-fotografie.com\/index.php?rest_route=\/wp\/v2\/pages\/13\/revisions\/1039"}],"wp:attachment":[{"href":"https:\/\/herzmomente-fotografie.com\/index.php?rest_route=%2Fwp%2Fv2%2Fmedia&parent=13"}],"curies":[{"name":"wp","href":"https:\/\/api.w.org\/{rel}","templated":true}]}}